when 372 is divided by 55?
42
What is the remainder when 179 is divided by 20?
19
Calculate the remainder when 2751 is divided by 914.
9
What is the remainder when 1383 is divided by 154?
151
Calculate the remainder when 48 is divided by 22.
4
What is the remainder when 1779 is divided by 216?
51
What is the remainder when 2241 is divided by 59?
58
What is the remainder when 809 is divided by 58?
55
Calculate the remainder when 406 is divided by 102.
100
Calculate the remainder when 334 is divided by 87.
73
Calculate the remainder when 130 is divided by 70.
60
Calculate the remainder when 9 is divided by 2.
1
Calculate the remainder when 471 is divided by 463.
8
What is the remainder when 1192 is divided by 1192?
0
What is the remainder when 109 is divided by 33?
10
Calculate the remainder when 1313 is divided by 326.
9
Calculate the remainder when 277 is divided by 51.
22
Calculate the remainder when 470 is divided by 31.
5
Calculate the remainder when 327 is divided by 10.
7
What is the remainder when 269 is divided by 39?
35
What is the remainder when 42 is divided by 10?
2
Calculate the remainder when 52 is divided by 22.
8
Calculate the remainder when 160 is divided by 33.
28
Calculate the remainder when 73 is divided by 38.
35
What is the remainder when 180 is divided by 3?
0
What is the remainder when 1277 is divided by 388?
113
Calculate the remainder when 228 is divided by 222.
6
What is the remainder when 13362 is divided by 135?
132
Calculate the remainder when 2162 is divided by 13.
4
What is the remainder when 69 is divided by 49?
20
What is the remainder when 460 is divided by 58?
54
What is the remainder when 125 is divided by 3?
2
What is the remainder when 131 is divided by 12?
11
What is the remainder when 118 is divided by 35?
13
What is the remainder when 572 is divided by 36?
32
Calculate the remainder when 1237 is divided by 47.
15
What is the remainder when 5069 is divided by 13?
12
Calculate the remainder when 830 is divided by 16.
14
Calculate the remainder when 2233 is divided by 26.
23
What is the remainder when 33629 is divided by 10?
9
What is the remainder when 8813 is divided by 22?
13
Calculate the remainder when 379 is divided by 60.
19
Calculate the remainder when 2182 is divided by 28.
26
What is the remainder when 155 is divided by 8?
3
What is the remainder when 402 is divided by 31?
30
What is the remainder when 1746 is divided by 343?
31
What is the remainder when 460 is divided by 112?
12
What is the remainder when 261 is divided by 89?
83
What is the remainder when 80 is divided by 21?
17
What is the remainder when 190 is divided by 33?
25
What is the remainder when 151 is divided by 24?
7
Calculate the remainder when 4283 is divided by 68.
67
Calculate the remainder when 3489 is divided by 152.
145
What is the remainder when 89 is divided by 48?
41
Calculate the remainder when 166 is divided by 64.
38
What is the remainder when 88 is divided by 26?
10
Calculate the remainder when 984 is divided by 47.
44
Calculate the remainder when 2 is divided by 1.
0
What is the remainder when 485 is divided by 71?
59
Calculate the remainder when 18 is divided by 1.
0
Calculate the remainder when 122 is divided by 25.
22
What is the remainder when 389 is divided by 58?
41
Calculate the remainder when 137 is divided by 37.
26
What is the remainder when 1199 is divided by 15?
14
What is the remainder when 6380 is divided by 48?
44
Calculate the remainder when 657 is divided by 111.
102
What is the remainder when 218 is divided by 17?
14
Calculate the remainder when 4215 is divided by 2102.
11
What is the remainder when 1048 is divided by 265?
253
What is the remainder when 257 is divided by 29?
25
What is the remainder when 227 is divided by 76?
75
What is the remainder when 1449 is divided by 12?
9
What is the remainder when 187 is divided by 52?
31
What is the remainder when 421 is divided by 13?
5
What is the remainder when 1043 is divided by 107?
80
What is the remainder when 878 is divided by 8?
6
What is the remainder when 57 is divided by 17?
6
What is the remainder when 321 is divided by 21?
6
Calculate the remainder when 1046 is divided by 197.
61
What is the remainder when 175 is divided by 110?
65
What is the remainder when 112 is divided by 40?
32
Calculate the remainder when 6805 is divided by 41.
40
Calculate the remainder when 44 is divided by 12.
8
Calculate the remainder when 1240 is divided by 50.
40
Calculate the remainder when 910 is divided by 296.
22
Calculate the remainder when 620 is divided by 263.
94
Calculate the remainder when 1352 is divided by 33.
32
What is the remainder when 1275 is divided by 44?
43
Calculate the remainder when 129 is divided by 20.
9
What is the remainder when 204 is divided by 187?
17
What is the remainder when 582 is divided by 34?
4
What is the remainder when 795 is divided by 108?
39
Calculate the remainder when 1021 is divided by 13.
7
Calculate the remainder when 353 is divided by 7.
3
Calculate the remainder when 274 is divided by 4.
2
Calculate the remainder when 500 is divided by 28.
24
Calculate the remainder when 1127 is divided by 11.
5
What is the remainder when 4851 is divided by 23?
21
Calculate the remainder when 3664 is divided by 7.
3
What is the remainder when 84 is divided by 73?
11
What is the remainder when 439 is divided by 110?
109
What is the remainder when 78 is divided by 43?
35
Calculate the remainder when 9645 is divided by 201.
198
Calculate the remainder when 390 is divided by 243.
147
What is the remainder when 43 is divided by 13?
4
What is the remainder when 750 is divided by 183?
18
Calculate the remainder when 1449 is divided by 16.
9
What is the remainder when 71 is divided by 46?
25
What is the remainder when 3578 is divided by 18?
14
What is the remainder when 4716 is divided by 121?
118
Calculate the remainder when 318 is divided by 56.
38
What is the remainder when 38 is divided by 13?
12
Calculate the remainder when 741 is divided by 5.
1
What is the remainder when 157 is divided by 54?
49
What is the remainder when 20 is divided by 11?
9
What is the remainder when 1243 is divided by 49?
18
Calculate the remainder when 130 is divided by 22.
20
Calculate the remainder when 8535 is divided by 219.
213
What is the remainder when 2208 is divided by 65?
63
Calculate the remainder when 15008 is divided by 190.
188
Calculate the remainder when 227 is divided by 29.
24
Calculate the remainder when 13850 is divided by 7.
4
Calculate the remainder when 103 is divided by 34.
1
Calculate the remainder when 276 is divided by 36.
24
Calculate the remainder when 17858 is divided by 23.
10
What is the remainder when 799 is divided by 261?
16
What is the remainder when 67 is divided by 28?
11
Calculate the remainder when 1726 is divided by 32.
30
Calculate the remainder when 19 is divided by 15.
4
What is the remainder when 143 is divided by 10?
3
Calculate the remainder when 7603 is divided by 2531.
10
What is the remainder when 41 is divided by 7?
6
Calculate the remainder when 211 is divided by 17.
7
What is the remainder when 703 is divided by 326?
51
Calculate the remainder when 1984 is divided by 37.
23
Calculate the remainder when 121 is divided by 20.
1
What is the remainder when 42 is divided by 9?
6
What is the remainder when 8410 is divided by 1050?
10
Calculate the remainder when 409 is divided by 209.
200
Calculate the remainder when 2145 is divided by 179.
176
Calculate the remainder when 1 is divided by 1.
0
Calculate the remainder when 3648 is divided by 146.
144
Calculate the remainder when 285 is divided by 18.
15
Calculate the remainder when 109 is divided by 23.
17
Calculate the remainder when 286 is divided by 58.
54
What is the remainder when 294 is divided by 99?
96
Calculate the remainder when 8493 is divided by 144.
141
What is the remainder when 66297 is divided by 75?
72
Calculate the remainder when 531 is divided by 19.
18
Calculate the remainder when 284 is divided by 10.
4
Calculate the remainder when 2238 is divided by 1116.
6
What is the remainder when 1593 is divided by 19?
16
Calculate the remainder when 56 is divided by 39.
17
Calculate the remainder when 144 is divided by 94.
50
What is the remainder wh